{"id":3561,"date":"2020-06-30T10:42:39","date_gmt":"2020-06-30T09:42:39","guid":{"rendered":"http:\/\/iact.ipleiria.pt\/?page_id=3561"},"modified":"2020-07-08T16:14:06","modified_gmt":"2020-07-08T15:14:06","slug":"validacao-por-consultores-externos","status":"publish","type":"page","link":"https:\/\/iact.ipleiria.pt\/en\/validacao-por-consultores-externos\/","title":{"rendered":"Valida\u00e7\u00e3o por consultores externos"},"content":{"rendered":"\n<h1><strong>Descri\u00e7\u00e3o da atividade<\/strong><\/h1>\n<p>Para al\u00e9m do teste efetuado no 1\u00ba CEB, a maleta pedag\u00f3gica foi, ainda, analisada por dois consultores externos, especialistas na \u00e1rea da inclus\u00e3o. Esta an\u00e1lise deu lugar \u00e0 identifica\u00e7\u00e3o de fragilidades, assim como \u00e0 recolha de sugest\u00f5es de melhoria que permitiram a valida\u00e7\u00e3o dos recursos testados.<\/p>\n<p>\u00a0<\/p>\n<h2><strong>Resultados<\/strong><\/h2>\n<p>Grelhas de registo preenchidas pelos consultores externos acerca da an\u00e1lise efetuada \u00e0 maleta pedag\u00f3gica.<\/p>\n<p>\u00a0<\/p>\n<h3><strong>Participantes<\/strong><\/h3>\n<p>Consultores externos da Universidade de Aveiro e do Polit\u00e9cnico de Castelo Branco.<\/p>\n<p><span class=\"Apple-converted-space\">\u00a0<\/span>\u201cA investiga\u00e7\u00e3o de solu\u00e7\u00f5es ajustadas \u00e0s especificidades\u00a0de diferentes grupos-alvo continua a ser um imperativo. S\u00e3o ainda muitos os segmentos\u00a0populacionais que se encontram \u00e0 margem das\u00a0ofertas pedag\u00f3gicas dispon\u00edveis no\u00a0mercado e nas escolas, sendo fundamental aprofundar o conhecimento acerca de estrat\u00e9gias\u00a0e metodologias de desenvolvimento de produtos como a maleta\u00a0pedag\u00f3gica do ProLearn4ALL.<br \/>Foi com muito gosto que participei, como\u00a0consultora, neste projeto e estou certa que ser\u00e3o muitos alunos a beneficiar\u00a0deste importante resultado.\u201d <strong>Margarida Almeida<\/strong> (Universidade de Aveiro)<\/p>\n<p>\u201cO projeto inclusivo \u00e9 um desafio intermin\u00e1vel, \u00e9 um projeto onde os desafios s\u00e3o uma constante e a procura pela \u2018solu\u00e7\u00e3o\u2019 constitui um des\u00edgnio permanente que se pretende alcan\u00e7ar. E, quando se pensa que j\u00e1 se alcan\u00e7ou\u2026 surge um novo desafio, na procura de se encontrarem propostas e novas formas que possam incluir todos, sem exce\u00e7\u00e3o. A \u00abMaleta Pedag\u00f3gica\u00bb \u00e9 o espelho desta vontade em se conseguir juntar numa \u00fanica \u2018maleta\u2019 toda uma diversidade que consegue incluir todos com todas as suas diferen\u00e7as.\u201d <strong>Henrique Gil<\/strong> (Polit\u00e9cnico de Castelo Branco)<\/p>\n<p>\u00a0<\/p>\n<p>Projeto cofinanciado pelo FEDER \u2013 Fundo Europeu de Desenvolvimento Regional, no \u00e2mbito do Programa Portugal 2020, atrav\u00e9s do CENTRO2020 &#8211; Programa Operacional Regional do Centro.<\/p>\n<p><img loading=\"lazy\" decoding=\"async\" class=\"alignleft size-large wp-image-3904\" src=\"http:\/\/iact.ipleiria.pt\/files\/2020\/07\/barra-logotipos-financiamento-e1594220473405-680x171.jpg\" alt=\"\" width=\"680\" height=\"171\" srcset=\"https:\/\/iact.ipleiria.pt\/files\/2020\/07\/barra-logotipos-financiamento-e1594220473405-680x171.jpg 680w, https:\/\/iact.ipleiria.pt\/files\/2020\/07\/barra-logotipos-financiamento-e1594220473405-300x76.jpg 300w, https:\/\/iact.ipleiria.pt\/files\/2020\/07\/barra-logotipos-financiamento-e1594220473405-150x38.jpg 150w, https:\/\/iact.ipleiria.pt\/files\/2020\/07\/barra-logotipos-financiamento-e1594220473405-768x194.jpg 768w, https:\/\/iact.ipleiria.pt\/files\/2020\/07\/barra-logotipos-financiamento-e1594220473405-100x25.jpg 100w, https:\/\/iact.ipleiria.pt\/files\/2020\/07\/barra-logotipos-financiamento-e1594220473405-180x45.jpg 180w, https:\/\/iact.ipleiria.pt\/files\/2020\/07\/barra-logotipos-financiamento-e1594220473405.jpg 1134w\" sizes=\"auto, (max-width: 680px) 100vw, 680px\" \/><\/p>\n","protected":false},"excerpt":{"rendered":"<p>Descri\u00e7\u00e3o da atividade Para al\u00e9m do teste efetuado no 1\u00ba CEB, a maleta pedag\u00f3gica foi, ainda, analisada por dois consultores externos, especialistas na \u00e1rea da inclus\u00e3o. Esta an\u00e1lise deu lugar<\/p>\n<div class=\"more-link-container\"> [&hellip;]<\/div>\n<p> <span class=\"more-text\">[+]<\/span><\/p>\n","protected":false},"author":5123,"featured_media":0,"parent":0,"menu_order":0,"comment_status":"closed","ping_status":"closed","template":"","meta":{"footnotes":""},"class_list":["post-3561","page","type-page","status-publish","hentry"],"_links":{"self":[{"href":"https:\/\/iact.ipleiria.pt\/en\/wp-json\/wp\/v2\/pages\/3561","targetHints":{"allow":["GET"]}}],"collection":[{"href":"https:\/\/iact.ipleiria.pt\/en\/wp-json\/wp\/v2\/pages"}],"about":[{"href":"https:\/\/iact.ipleiria.pt\/en\/wp-json\/wp\/v2\/types\/page"}],"author":[{"embeddable":true,"href":"https:\/\/iact.ipleiria.pt\/en\/wp-json\/wp\/v2\/users\/5123"}],"replies":[{"embeddable":true,"href":"https:\/\/iact.ipleiria.pt\/en\/wp-json\/wp\/v2\/comments?post=3561"}],"version-history":[{"count":9,"href":"https:\/\/iact.ipleiria.pt\/en\/wp-json\/wp\/v2\/pages\/3561\/revisions"}],"predecessor-version":[{"id":3940,"href":"https:\/\/iact.ipleiria.pt\/en\/wp-json\/wp\/v2\/pages\/3561\/revisions\/3940"}],"wp:attachment":[{"href":"https:\/\/iact.ipleiria.pt\/en\/wp-json\/wp\/v2\/media?parent=3561"}],"curies":[{"name":"wp","href":"https:\/\/api.w.org\/{rel}","templated":true}]}}

Validação por consultores externos

<h1><strong>Descrição da atividade</strong></h1>
<p>Para além do teste efetuado no 1º CEB, a maleta pedagógica foi, ainda, analisada por dois consultores externos, especialistas na área da inclusão. Esta análise deu lugar à identificação de fragilidades, assim como à recolha de sugestões de melhoria que permitiram a validação dos recursos testados.</p>
<p> </p>
<h2><strong>Resultados</strong></h2>
<p>Grelhas de registo preenchidas pelos consultores externos acerca da análise efetuada à maleta pedagógica.</p>
<p> </p>
<h3><strong>Participantes</strong></h3>
<p>Consultores externos da Universidade de Aveiro e do Politécnico de Castelo Branco.</p>
<p><span class="Apple-converted-space"> </span>“A investigação de soluções ajustadas às especificidades de diferentes grupos-alvo continua a ser um imperativo. São ainda muitos os segmentos populacionais que se encontram à margem das ofertas pedagógicas disponíveis no mercado e nas escolas, sendo fundamental aprofundar o conhecimento acerca de estratégias e metodologias de desenvolvimento de produtos como a maleta pedagógica do ProLearn4ALL.<br />Foi com muito gosto que participei, como consultora, neste projeto e estou certa que serão muitos alunos a beneficiar deste importante resultado.” <strong>Margarida Almeida</strong> (Universidade de Aveiro)</p>
<p>“O projeto inclusivo é um desafio interminável, é um projeto onde os desafios são uma constante e a procura pela ‘solução’ constitui um desígnio permanente que se pretende alcançar. E, quando se pensa que já se alcançou… surge um novo desafio, na procura de se encontrarem propostas e novas formas que possam incluir todos, sem exceção. A «Maleta Pedagógica» é o espelho desta vontade em se conseguir juntar numa única ‘maleta’ toda uma diversidade que consegue incluir todos com todas as suas diferenças.” <strong>Henrique Gil</strong> (Politécnico de Castelo Branco)</p>
<p> </p>
<p>Projeto cofinanciado pelo FEDER – Fundo Europeu de Desenvolvimento Regional, no âmbito do Programa Portugal 2020, através do CENTRO2020 &#8211; Programa Operacional Regional do Centro.</p>
<p><img loading="lazy" decoding="async" class="alignleft size-large wp-image-3904" src="http://iact.ipleiria.pt/files/2020/07/barra-logotipos-financiamento-e1594220473405-680x171.jpg" alt="" width="680" height="171" srcset="https://iact.ipleiria.pt/files/2020/07/barra-logotipos-financiamento-e1594220473405-680x171.jpg 680w, https://iact.ipleiria.pt/files/2020/07/barra-logotipos-financiamento-e1594220473405-300x76.jpg 300w, https://iact.ipleiria.pt/files/2020/07/barra-logotipos-financiamento-e1594220473405-150x38.jpg 150w, https://iact.ipleiria.pt/files/2020/07/barra-logotipos-financiamento-e1594220473405-768x194.jpg 768w, https://iact.ipleiria.pt/files/2020/07/barra-logotipos-financiamento-e1594220473405-100x25.jpg 100w, https://iact.ipleiria.pt/files/2020/07/barra-logotipos-financiamento-e1594220473405-180x45.jpg 180w, https://iact.ipleiria.pt/files/2020/07/barra-logotipos-financiamento-e1594220473405.jpg 1134w" sizes="auto, (max-width: 680px) 100vw, 680px" /></p>

<p>Descrição da atividade Para além do teste efetuado no 1º CEB, a maleta pedagógica foi, ainda, analisada por dois consultores externos, especialistas na área da inclusão. Esta análise deu lugar</p>
<div class="more-link-container"> [&hellip;]</div>
<p> <span class="more-text">[+]</span></p>
